
222
Let j(a) = -a**3 + 62*a**2 - 87*a + 1269. Calculate j(61).
-317
Let m(n) = 5*n**3 + 18*n**2 - 345*n - 750. Calculate m(-2).
-28
Let m(o) = 149*o**3 + 2682*o**2 + 12*o + 252. Calculate m(-18).
36
Let k(n) = -14*n + 716. What is k(-59)?
1542
Let w(i) = 11*i**2 + 5497*i - 364465. Give w(-559).
3
Let v(r) = -72*r**2 - 824*r - 2472. Determine v(-3).
-648
Let g(l) = -347*l + 978. Give g(2).
284
Let a(u) = 2713*u**2 + 24368*u - 7. What is a(-9)?
434
Let n(w) = 5*w**2 + 1082*w - 4409. Give n(4).
-1
Let q(z) = 3805*z - 97909. Give q(26).
1021
Let a(j) = -j**3 - 55*j**2 - 324*j - 8674. Determine a(-52).
62
Let l(f) = 605*f + 586251. Give l(-969).
6
Let s(b) = b**3 + 106*b**2 - 291*b + 3955. Give s(-109).
31
Let c(i) = -i**3 + 14*i**2 + 924*i - 16468. Determine c(22).
-12
Let j(b) = -2*b**2 + 297*b - 3106. Give j(137).
45
Let j(m) = -m**3 + 14*m**2 - 308*m + 2667. Give j(9).
300
Let m(v) = 2*v**2 - 2267*v - 50819. Determine m(-22).
23
Let y(b) = -b**3 - 241*b**2 - 530*b - 8676. What is y(-239)?
3752
Let h(l) = -2*l**3 - 291*l**2 - 3566*l - 273. What is h(-132)?
-9
Let n(k) = -k**3 + 127*k**2 - 305*k + 38526. What is n(127)?
-209
Let d(u) = 21205*u + 254453. Calculate d(-12).
-7
Let p(n) = n**3 + 57*n**2 + 581*n + 159. Determine p(-13).
42
Let o(r) = -14321*r + 71272. Determine o(5).
-333
Let j(u) = -534*u + 5820. Determine j(12).
-588
Let t(v) = 2123*v + 82792. Calculate t(-39).
-5
Let n(x) = 3*x**2 + 437*x + 3878. Determine n(-134).
-812
Let g(f) = 6*f**2 + 543*f - 24498. Calculate g(33).
-45
Let x(d) = 423*d + 1601. What is x(-6)?
-937
Let a(p) = p**3 + 64*p**2 - 337*p - 37. Give a(-69).
-589
Let s(l) = -1580*l - 8016. What is s(-5)?
-116
Let c(z) = -498603*z - 1495775. Calculate c(-3).
34
Let w(k) = k**2 - 868*k - 71796. Give w(-76).
-52
Let k(s) = -43*s**3 - 566*s**2 - 87*s + 1. What is k(-13)?
-51
Let h(y) = 2*y**3 - 202*y**2 + 211*y + 1281. Calculate h(100).
2381
Let l(x) = -9*x**2 + 5528*x + 4329. Give l(615).
24
Let x(r) = 9*r**3 + 35*r**2 - 19*r - 114. Give x(-4).
-54
Let r(n) = -6*n**3 + 3*n**2 + 19689*n - 19692. Give r(1).
-6
Let r(h) = -97*h + 1643. Give r(11).
576
Let o(b) = -b**3 - 29*b**2 - 48*b - 459. What is o(-13)?
-2539
Let h(j) = j**3 - 101*j**2 - 131*j + 3343. Calculate h(102).
385
Let n(r) = r**2 - 521*r + 22673. Determine n(48).
-31
Let q(p) = -p**2 + 382*p - 5087. Determine q(369).
-290
Let s(l) = 1046*l**2 - 4889*l. Determine s(5).
1705
Let g(z) = 2*z**2 - 71*z - 663. What is g(-9)?
138
Let y(u) = -901*u - 1917. Determine y(-2).
-115
Let w(u) = 63*u**2 + 100*u + 189. Calculate w(-4).
797
Let s(d) = -20*d**2 - 23*d - 32. Determine s(-1).
-29
Let o(k) = 40405*k + 201987. Determine o(-5).
-38
Let t(u) = 1420741*u + 8524444. Determine t(-6).
-2
Let a(b) = b**3 - 81*b**2 - 1966*b - 6. Determine a(-20).
-1086
Let p(i) = 2210*i + 800069. What is p(-362)?
49
Let k(w) = -424*w**2 + 3807*w + 25. What is k(9)?
-56
Let j(p) = -141*p**2 + 2869*p + 1936. Calculate j(21).
4
Let h(a) = -20*a**3 - 18*a**2 + 10*a + 162. Give h(4).
-1366
Let j(o) = 24701*o - 197617. What is j(8)?
-9
Let v(b) = -3*b**3 - 579*b**2 + 23*b + 4408. What is v(-193)?
-31
Let c(t) = 6193*t**2 - 74297*t + 30. Give c(12).
258
Let u(t) = 9300*t + 334659. Determine u(-36).
-141
Let u(z) = -5*z**3 - 63*z**2 + 52*z + 325. Calculate u(-13).
-13
Let r(o) = -2*o**3 + 297*o**2 + 188*o - 5763. What is r(149)?
48
Let q(g) = -100*g - 474. Give q(-3).
-174
Let b(d) = -631*d**2 - 68780*d - 97. What is b(-109)?
12
Let g(i) = 73088*i - 2192563. Calculate g(30).
77
Let x(b) = 3*b**2 - 3753*b + 40926. What is x(11)?
6
Let g(a) = -2*a**3 - 57*a**2 - 398*a - 234. What is g(-11)?
-91
Let n(d) = -39*d**2 + 3986*d - 741. What is n(102)?
75
Let t(s) = -2*s**3 + 29*s**2 - 134*s + 135. Calculate t(9).
-180
Let v(k) = 723785*k - 2895159. Give v(4).
-19
Let j(h) = -20*h**2 + 1177*h - 8064. Give j(7).
-805
Let m(o) = -5494*o - 1582263. What is m(-288)?
9
Let o(u) = -u**3 - 16*u**2 + 168*u + 1611. What is o(-8)?
-245
Let w(l) = 4*l**2 - 297*l + 2936. Determine w(61).
-297
Let z(v) = v**3 + 12*v**2 - 2033*v - 18534. What is z(-9)?
6
Let o(j) = -1356*j + 197041. Calculate o(145).
421
Let n(b) = 3*b**3 - 10*b**2 - 30*b + 168. Give n(-5).
-307
Let t(a) = -33934*a - 509033. Determine t(-15).
-23
Let a(o) = 3*o**2 - 85477*o + 1196130. Determine a(14).
40
Let z(u) = 5*u**3 - 9*u**2 - 191*u - 364. Determine z(-2).
-58
Let a(i) = -i**3 + 350*i**2 + 1408*i - 1358. Give a(354).
-4190
Let i(z) = -z**2 + 561*z - 45768. Determine i(99).
-30
Let h(t) = -14*t**3 + 84*t**2 - 33*t + 15. What is h(5)?
200
Let b(v) = -17113*v - 8950093. Calculate b(-523).
6
Let w(b) = 2*b**2 - 270*b + 8565. Calculate w(84).
-3
Let k(x) = -4*x**3 - 4*x**2 - 52*x - 231. Calculate k(-3).
-3
Let g(i) = -3*i**2 - 292*i - 6488. Calculate g(-61).
161
Let i(s) = -3742*s - 41131. Determine i(-11).
31
Let l(w) = 3*w**3 - 174*w**2 + 163*w + 445. Determine l(57).
-11
Let b(n) = -197557*n - 2173091. Determine b(-11).
36
Let i(u) = -304*u - 2713. Determine i(-8).
-281
Let x(n) = 35*n**2 - 1376*n + 667. Calculate x(39).
238
Let b(y) = -32572*y - 293108. Give b(-9).
40
Let o(m) = -5*m**3 - 682*m**2 - 275*m - 382. Give o(-136).
26
Let c(h) = 14*h**2 - 209*h + 808. Calculate c(8).
32
Let j(r) = r**3 - 104*r**2 + 2701*r - 300. What is j(49)?
-6
Let f(z) = 51*z**2 + 7991*z - 2518. Give f(-157).
-6
Let d(m) = -2*m**2 - 231*m - 3761. Calculate d(-96).
-17
Let c(x) = 1430*x + 1858. Calculate c(-2).
-1002
Let r(u) = 2*u**3 + 92*u**2 + 168*u - 120. Determine r(-44).
232
Let k(t) = -3432*t + 809926. Determine k(236).
-26
Let t(q) = -2589*q + 46606. Calculate t(18).
4
Let c(j) = -38*j - 3019. Determine c(-57).
-853
Let q(z) = 9268*z + 185414. Calculate q(-20).
54
Let y(i) = 100*i**3 - 3898*i**2 - 77*i - 57. Determine y(39).
-18
Let m(x) = -364751*x - 1823627. Give m(-5).
128
Let k(z) = 4*z**2 - 2925*z - 14353. What is k(-5)?
372
Let z(x) = 15082*x + 3529191. What is z(-234)?
3
Let r(f) = 3074*f**2 + 33898*f - 15. Calculate r(-11).
-939
Let o(v) = -395*v - 21268. Calculate o(-54).
62
Let m(l) = -283*l + 7316. Give m(26).
-42
Let s(n) = -1595*n + 159310. Calculate s(99).
1405
Let v(j) = 35*j**3 + 697*j**2 - 73*j - 220. What is v(-20)?
40
Let w(u) = u**2 + 34*u + 743. Calculate w(-8).
535
Let k(v) = 7*v**2 + 33*v - 176. Determine k(11).
1034
Let k(w) = w**2 - 148*w + 5111. Give k(65).
-284
Let u(j) = -2*j**3 - 31*j**2 - 4087*j - 56653. Give u(-14).
-23
Let d(u) = -u**3 + 6*u**2 - 461*u - 3998. Calculate d(-9).
1366
Let p(w) = 2*w**3 + 73*w**2 + 720*w - 31. Give p(-15).
-1156
Let a(s) = 2*s**3 + 349*s**2 - 383*s - 36388. Determine a(-175).
12
Let x(k) = -k**3 - 192*k**2 - 70*k + 286. Calculate x(0).
286
Let x(j) = 4*j**2 - 1267*j - 55488. Determine x(-39).
9
Let a(i) = -12*i**2 + 2843*i - 227. Calculate a(237).
-464
Let b(l) = 8*l**3 - 461*l**2 - 255*l + 4692. Give b(58).
-6
Let r(g) = -g**3 + 804*g**2 - 237*g - 1096324. Calculate r(802).
10
Let f(s) = -4*s**2 + 16118*s + 129261. What is f(-8)?
61
Let g(a) = -449*a + 2296. Calculate g(7).
-847
Let z(o) = -733*o + 2354. Calculate z(4).
-578
Let g(m) = -m**3 - 135*m**2 + 2312*m + 9152. What is g(-150)?
-148
Let u(s) = s**3 + 36*s**2 - 1925*s - 69896. What is u(-37)?
-40
Let i(l) = l**2 - 226*l - 33304. What is i(-118)?
7288
Let i(m) = 1580*m - 1021. Calculate i(1).
559
Let h(l) = 2567*l - 61168. Give h(24).
440
Let r(a) = -5*a**3 + 259*a**2 + 1763*a - 88961. What is r(52)?
11
Let z(x) = x**3 + 129*x**2 - 5891*x - 1739. Give z(36).
25
Let y(h) = -6999*h + 1875313. What is y(268)?
-419
Let d(q) = q**2 - 159*q - 18920. What is d(239)?
200
Let z(v) = 467*v**3 - 19*v**2 + 4*v + 3. Calculate z(1).
455
Let d(f) = -6*f**2 + 551*f + 280. Give d(92).
188
Let x(w) = 340*w - 13976. Calculate x(40).
-376
Let s(v) = -31041*v + 186232. Calculate s(6).
-14
Let s(p) = 3039*p + 121729. Give s(-40).
169
Let t(x) = 12975*x - 934201. Calculate t(72).
-1
Let t(b) = -47885*b**2 - 526735*b + 1. Calculate t(-11).
1
Let q(w) = 7318*w**2 - 21969*w + 4. Calculate q(3).
-41
Let g(t) = -t**2 - 15097*t + 90632. Determine g(6).
14
Let a(x) = x**3 + 271*x**2 - 30*x - 6990. Give a(-271).
1140
Let h(d) = -1725881*d - 22436459. Calculate h(-13).
-6
Let b(i) = -3889*i + 46683. What is b(12)?
15
Let i(x) = -x**2 + 3349*x + 43828. What is i(-13)?
122